[INFO] cloning repository https://github.com/ErichDonGubler/git-repo.rs
[INFO] running `Command { std: "git" "-c" "credential.helper=" "-c" "credential.helper=/workspace/cargo-home/bin/git-credential-null" "clone" "--bare" "https://github.com/ErichDonGubler/git-repo.rs" "/workspace/cache/git-repos/https%3A%2F%2Fgithub.com%2FErichDonGubler%2Fgit-repo.rs", kill_on_drop: false }`
[INFO] [stderr] Cloning into bare repository '/workspace/cache/git-repos/https%3A%2F%2Fgithub.com%2FErichDonGubler%2Fgit-repo.rs'...
[INFO] running `Command { std: "git" "rev-parse" "HEAD", kill_on_drop: false }`
[INFO] [stdout] 5be319530814ae381c166bf1d1b32ea325cde081
[INFO] checking ErichDonGubler/git-repo.rs against master#af3c6e733a40e671550e0f0f5aeecaa13772ba56 for pr-74989
[INFO] running `Command { std: "git" "clone" "/workspace/cache/git-repos/https%3A%2F%2Fgithub.com%2FErichDonGubler%2Fgit-repo.rs" "/workspace/builds/worker-5/source", kill_on_drop: false }`
[INFO] [stderr] Cloning into '/workspace/builds/worker-5/source'...
[INFO] [stderr] done.
[INFO] validating manifest of git repo https://github.com/ErichDonGubler/git-repo.rs on toolchain af3c6e733a40e671550e0f0f5aeecaa13772ba56
[INFO] running `Command { std: "/workspace/cargo-home/bin/cargo" "+af3c6e733a40e671550e0f0f5aeecaa13772ba56" "read-manifest" "--manifest-path" "Cargo.toml", kill_on_drop: false }`
[INFO] started tweaking git repo https://github.com/ErichDonGubler/git-repo.rs
[INFO] finished tweaking git repo https://github.com/ErichDonGubler/git-repo.rs
[INFO] tweaked toml for git repo https://github.com/ErichDonGubler/git-repo.rs written to /workspace/builds/worker-5/source/Cargo.toml
[INFO] crate git repo https://github.com/ErichDonGubler/git-repo.rs already has a lockfile, it will not be regenerated
[INFO] running `Command { std: "/workspace/cargo-home/bin/cargo" "+af3c6e733a40e671550e0f0f5aeecaa13772ba56" "fetch" "--locked" "--manifest-path" "Cargo.toml", kill_on_drop: false }`
[INFO] [stderr]     Blocking waiting for file lock on package cache
[INFO] running `Command { std: "docker" "create" "-v" "/var/lib/crater-agent-workspace/builds/worker-5/target:/opt/rustwide/target:rw,Z" "-v" "/var/lib/crater-agent-workspace/builds/worker-5/source:/opt/rustwide/workdir:ro,Z" "-v" "/var/lib/crater-agent-workspace/cargo-home:/opt/rustwide/cargo-home:ro,Z" "-v" "/var/lib/crater-agent-workspace/rustup-home:/opt/rustwide/rustup-home:ro,Z" "-e" "SOURCE_DIR=/opt/rustwide/workdir" "-e" "CARGO_TARGET_DIR=/opt/rustwide/target" "-e" "CARGO_HOME=/opt/rustwide/cargo-home" "-e" "RUSTUP_HOME=/opt/rustwide/rustup-home" "-w" "/opt/rustwide/workdir" "-m" "1610612736" "--user" "0:0" "--network" "none" "rustops/crates-build-env@sha256:d92eaeed33fa75130ca1ee6c8a01d1ffb62bac859dfdfb3450e3e5d1c0146529" "/opt/rustwide/cargo-home/bin/cargo" "+af3c6e733a40e671550e0f0f5aeecaa13772ba56" "metadata" "--no-deps" "--format-version=1", kill_on_drop: false }`
[INFO] [stdout] a2a2bd036800169a76f1b59a68470763dd913047731457effcdc24bc1e3d4f87
[INFO] [stderr] WARNING: Your kernel does not support swap limit capabilities or the cgroup is not mounted. Memory limited without swap.
[INFO] running `Command { std: "docker" "start" "-a" "a2a2bd036800169a76f1b59a68470763dd913047731457effcdc24bc1e3d4f87", kill_on_drop: false }`
[INFO] running `Command { std: "docker" "inspect" "a2a2bd036800169a76f1b59a68470763dd913047731457effcdc24bc1e3d4f87", kill_on_drop: false }`
[INFO] running `Command { std: "docker" "rm" "-f" "a2a2bd036800169a76f1b59a68470763dd913047731457effcdc24bc1e3d4f87", kill_on_drop: false }`
[INFO] [stdout] a2a2bd036800169a76f1b59a68470763dd913047731457effcdc24bc1e3d4f87
[INFO] running `Command { std: "docker" "create" "-v" "/var/lib/crater-agent-workspace/builds/worker-5/target:/opt/rustwide/target:rw,Z" "-v" "/var/lib/crater-agent-workspace/builds/worker-5/source:/opt/rustwide/workdir:ro,Z" "-v" "/var/lib/crater-agent-workspace/cargo-home:/opt/rustwide/cargo-home:ro,Z" "-v" "/var/lib/crater-agent-workspace/rustup-home:/opt/rustwide/rustup-home:ro,Z" "-e" "SOURCE_DIR=/opt/rustwide/workdir" "-e" "CARGO_TARGET_DIR=/opt/rustwide/target" "-e" "CARGO_INCREMENTAL=0" "-e" "RUST_BACKTRACE=full" "-e" "RUSTFLAGS=--cap-lints=forbid" "-e" "CARGO_HOME=/opt/rustwide/cargo-home" "-e" "RUSTUP_HOME=/opt/rustwide/rustup-home" "-w" "/opt/rustwide/workdir" "-m" "1610612736" "--user" "0:0" "--network" "none" "rustops/crates-build-env@sha256:d92eaeed33fa75130ca1ee6c8a01d1ffb62bac859dfdfb3450e3e5d1c0146529" "/opt/rustwide/cargo-home/bin/cargo" "+af3c6e733a40e671550e0f0f5aeecaa13772ba56" "check" "--frozen" "--all" "--all-targets" "--message-format=json", kill_on_drop: false }`
[INFO] [stderr] WARNING: Your kernel does not support swap limit capabilities or the cgroup is not mounted. Memory limited without swap.
[INFO] [stdout] 488b82ffbd37bb3c75ddb7f59d027e029db364663f7d9ec3f1203ce892aff9ae
[INFO] running `Command { std: "docker" "start" "-a" "488b82ffbd37bb3c75ddb7f59d027e029db364663f7d9ec3f1203ce892aff9ae", kill_on_drop: false }`
[INFO] [stderr]    Compiling proc-macro2 v0.4.24
[INFO] [stderr]    Compiling unicode-xid v0.1.0
[INFO] [stderr]     Checking cfg-if v0.1.6
[INFO] [stderr]    Compiling version_check v0.1.5
[INFO] [stderr]    Compiling cc v1.0.27
[INFO] [stderr]    Compiling autocfg v0.1.1
[INFO] [stderr]    Compiling regex v1.1.0
[INFO] [stderr]    Compiling unicode-segmentation v1.2.1
[INFO] [stderr]     Checking ucd-util v0.1.3
[INFO] [stderr]    Compiling failure_derive v0.1.3
[INFO] [stderr]     Checking rustc-demangle v0.1.11
[INFO] [stderr]     Checking vec_map v0.8.1
[INFO] [stderr]     Checking ansi_term v0.11.0
[INFO] [stderr]     Checking utf8-ranges v1.0.2
[INFO] [stderr]     Checking thread_local v0.3.6
[INFO] [stderr]     Checking log v0.4.6
[INFO] [stderr]     Checking regex-syntax v0.6.4
[INFO] [stderr]     Checking clap v2.32.0
[INFO] [stderr]    Compiling memchr v2.1.2
[INFO] [stderr]    Compiling heck v0.3.0
[INFO] [stderr]    Compiling backtrace v0.3.13
[INFO] [stderr]     Checking aho-corasick v0.6.9
[INFO] [stderr]    Compiling quote v0.6.10
[INFO] [stderr]    Compiling backtrace-sys v0.1.26
[INFO] [stderr]    Compiling syn v0.15.23
[INFO] [stderr]     Checking env_logger v0.5.13
[INFO] [stderr]    Compiling synstructure v0.10.1
[INFO] [stderr]    Compiling structopt-derive v0.2.14
[INFO] [stderr]     Checking failure v0.1.3
[INFO] [stderr]     Checking structopt v0.2.14
[INFO] [stderr]     Checking clap-verbosity-flag v0.2.0
[INFO] [stderr]     Checking git-repo v0.1.0 (/opt/rustwide/workdir)
[INFO] [stdout] error[E0412]: cannot find type `RepositoryRef` in this scope
[INFO] [stdout]   --> src/main.rs:67:35
[INFO] [stdout]    |
[INFO] [stdout] 67 |         fn fork_repo(&self, repo: RepositoryRef) -> Result<(), ForkRepoError>;
[INFO] [stdout]    |                                   ^^^^^^^^^^^^^ not found in this scope
[INFO] [stdout] 
[INFO] [stdout] 
[INFO] [stdout] error[E0412]: cannot find type `RepositoryRef` in this scope
[INFO] [stdout]   --> src/main.rs:68:34
[INFO] [stdout]    |
[INFO] [stdout] 68 |         fn new_repo(&self, repo: RepositoryRef) -> Result<(), NewRepoError>;
[INFO] [stdout]    |                                  ^^^^^^^^^^^^^ not found in this scope
[INFO] [stdout] 
[INFO] [stdout] 
[INFO] [stdout] error[E0412]: cannot find type `RepositoryRef` in this scope
[INFO] [stdout]   --> src/main.rs:69:37
[INFO] [stdout]    |
[INFO] [stdout] 69 |         fn delete_repo(&self, repo: RepositoryRef) -> Result<(), DeleteRepoError>;
[INFO] [stdout]    |                                     ^^^^^^^^^^^^^ not found in this scope
[INFO] [stdout] 
[INFO] [stdout] 
[INFO] [stdout] error[E0405]: cannot find trait `Service` in this scope
[INFO] [stdout]   --> src/main.rs:75:14
[INFO] [stdout]    |
[INFO] [stdout] 75 |         impl Service for Github {
[INFO] [stdout]    |              ^^^^^^^ not found in this scope
[INFO] [stdout]    |
[INFO] [stdout] help: consider importing this trait
[INFO] [stdout]    |
[INFO] [stdout] 73 |         use crate::services::Service;
[INFO] [stdout]    |
[INFO] [stdout] 
[INFO] [stdout] 
[INFO] [stdout] error[E0412]: cannot find type `RepositoryRef` in this scope
[INFO] [stdout]   --> src/main.rs:67:35
[INFO] [stdout]    |
[INFO] [stdout] 67 |         fn fork_repo(&self, repo: RepositoryRef) -> Result<(), ForkRepoError>;
[INFO] [stdout]    |                                   ^^^^^^^^^^^^^ not found in this scope
[INFO] [stdout] 
[INFO] [stdout] 
[INFO] [stdout] error[E0412]: cannot find type `RepositoryRef` in this scope
[INFO] [stdout]   --> src/main.rs:68:34
[INFO] [stdout]    |
[INFO] [stdout] 68 |         fn new_repo(&self, repo: RepositoryRef) -> Result<(), NewRepoError>;
[INFO] [stdout]    |                                  ^^^^^^^^^^^^^ not found in this scope
[INFO] [stdout] 
[INFO] [stdout] 
[INFO] [stdout] error[E0412]: cannot find type `RepositoryRef` in this scope
[INFO] [stdout]   --> src/main.rs:69:37
[INFO] [stdout]    |
[INFO] [stdout] 69 |         fn delete_repo(&self, repo: RepositoryRef) -> Result<(), DeleteRepoError>;
[INFO] [stdout]    |                                     ^^^^^^^^^^^^^ not found in this scope
[INFO] [stdout] 
[INFO] [stdout] 
[INFO] [stdout] error[E0405]: cannot find trait `Service` in this scope
[INFO] [stdout]   --> src/main.rs:75:14
[INFO] [stdout]    |
[INFO] [stdout] 75 |         impl Service for Github {
[INFO] [stdout]    |              ^^^^^^^ not found in this scope
[INFO] [stdout]    |
[INFO] [stdout] help: consider importing this trait
[INFO] [stdout]    |
[INFO] [stdout] 73 |         use crate::services::Service;
[INFO] [stdout]    |
[INFO] [stdout] 
[INFO] [stdout] 
[INFO] [stdout] error: aborting due to 4 previous errors
[INFO] [stdout] 
[INFO] [stdout] 
[INFO] [stdout] Some errors have detailed explanations: E0405, E0412.
[INFO] [stdout] 
[INFO] [stdout] For more information about an error, try `rustc --explain E0405`.
[INFO] [stdout] 
[INFO] [stderr] error: could not compile `git-repo`.
[INFO] [stdout] error: aborting due to 4 previous errors
[INFO] [stdout] 
[INFO] [stdout] 
[INFO] [stderr] 
[INFO] [stdout] Some errors have detailed explanations: E0405, E0412.
[INFO] [stdout] 
[INFO] [stderr] To learn more, run the command again with --verbose.
[INFO] [stdout] For more information about an error, try `rustc --explain E0405`.
[INFO] [stdout] 
[INFO] [stderr] warning: build failed, waiting for other jobs to finish...
[INFO] [stderr] error: build failed
[INFO] running `Command { std: "docker" "inspect" "488b82ffbd37bb3c75ddb7f59d027e029db364663f7d9ec3f1203ce892aff9ae", kill_on_drop: false }`
[INFO] running `Command { std: "docker" "rm" "-f" "488b82ffbd37bb3c75ddb7f59d027e029db364663f7d9ec3f1203ce892aff9ae", kill_on_drop: false }`
[INFO] [stdout] 488b82ffbd37bb3c75ddb7f59d027e029db364663f7d9ec3f1203ce892aff9ae
